 971
List the prime factors of 11453.
13, 881
List the prime factors of 7062.
2, 3, 11, 107
List the prime factors of 189.
3, 7
What are the prime factors of 6456?
2, 3, 269
List the prime factors of 407.
11, 37
List the prime factors of 45021.
3, 43, 349
What are the prime factors of 71281?
7, 17, 599
List the prime factors of 8152.
2, 1019
List the prime factors of 508.
2, 127
What are the prime factors of 25735?
5, 5147
What are the prime factors of 5513?
37, 149
What are the prime factors of 1756?
2, 439
List the prime factors of 135143.
149, 907
What are the prime factors of 563?
563
List the prime factors of 8324.
2, 2081
List the prime factors of 339.
3, 113
List the prime factors of 21230.
2, 5, 11, 193
What are the prime factors of 3748?
2, 937
What are the prime factors of 1312?
2, 41
List the prime factors of 269.
269
List the prime factors of 63.
3, 7
List the prime factors of 82964.
2, 7, 2963
What are the prime factors of 1762?
2, 881
What are the prime factors of 1422?
2, 3, 79
What are the prime factors of 10325?
5, 7, 59
List the prime factors of 20597.
43, 479
What are the prime factors of 1650?
2, 3, 5, 11
What are the prime factors of 1844?
2, 461
What are the prime factors of 119?
7, 17
What are the prime factors of 361?
19
What are the prime factors of 2762?
2, 1381
What are the prime factors of 1823?
1823
What are the prime factors of 8013?
3, 2671
List the prime factors of 22348.
2, 37, 151
List the prime factors of 689.
13, 53
What are the prime factors of 4019?
4019
What are the prime factors of 252?
2, 3, 7
What are the prime factors of 1039?
1039
List the prime factors of 11900.
2, 5, 7, 17
List the prime factors of 425.
5, 17
What are the prime factors of 30779?
7, 4397
List the prime factors of 20790.
2, 3, 5, 7, 11
What are the prime factors of 6329?
6329
What are the prime factors of 178629?
3, 11, 5413
List the prime factors of 120.
2, 3, 5
List the prime factors of 483.
3, 7, 23
List the prime factors of 3013.
23, 131
List the prime factors of 10498.
2, 29, 181
What are the prime factors of 6381?
3, 709
List the prime factors of 1864.
2, 233
What are the prime factors of 22359?
3, 29, 257
List the prime factors of 159680.
2, 5, 499
What are the prime factors of 7140?
2, 3, 5, 7, 17
List the prime factors of 2474.
2, 1237
List the prime factors of 384.
2, 3
List the prime factors of 1339.
13, 103
List the prime factors of 61854.
2, 3, 13, 61
What are the prime factors of 2355?
3, 5, 157
What are the prime factors of 540?
2, 3, 5
List the prime factors of 719.
719
List the prime factors of 4189.
59, 71
List the prime factors of 15996.
2, 3, 31, 43
What are the prime factors of 26506?
2, 29, 457
List the prime factors of 4240.
2, 5, 53
List the prime factors of 8096.
2, 11, 23
What are the prime factors of 344?
2, 43
What are the prime factors of 1537?
29, 53
List the prime factors of 632.
2, 79
What are the prime factors of 42?
2, 3, 7
What are the prime factors of 7304?
2, 11, 83
What are the prime factors of 5779?
5779
What are the prime factors of 13501?
23, 587
List the prime factors of 6331.
13, 487
What are the prime factors of 63418?
2, 37, 857
List the prime factors of 10985.
5, 13
What are the prime factors of 53793?
3, 43, 139
What are the prime factors of 140939?
140939
List the prime factors of 1032.
2, 3, 43
List the prime factors of 23072.
2, 7, 103
List the prime factors of 3966.
2, 3, 661
What are the prime factors of 8209?
8209
What are the prime factors of 324?
2, 3
What are the prime factors of 2223?
3, 13, 19
List the prime factors of 1881.
3, 11, 19
What are the prime factors of 23343?
3, 31, 251
What are the prime factors of 15962?
2, 23, 347
What are the prime factors of 3078?
2, 3, 19
List the prime factors of 687.
3, 229
List the prime factors of 10979.
10979
List the prime factors of 39891.
3, 13297
What are the prime factors of 1601?
1601
What are the prime factors of 4115?
5, 823
List the prime factors of 140990.
2, 5, 23, 613
List the prime factors of 6282.
2, 3, 349
What are the prime factors of 19536?
2, 3, 11, 37
What are the prime factors of 5670?
2, 3, 5, 7
What are the prime factors of 2078?
2, 1039
List the prime factors of 11419.
19, 601
List the prime factors of 23843.
113, 211
What are the prime factors of 2729?
2729
What are the prime factors of 2176?
2, 17
List the prime factors of 12631.
17, 743
What are the prime factors of 1634?
2, 19, 43
What are the prime factors of 26261?
26261
List the prime factors of 10984.
2, 1373
List the prime factors of 37508.
2, 9377
What are the prime factors of 243?
3
What are the prime factors of 30007?
37, 811
What are the prime factors of 2866?
2, 1433
What are the prime factors of 9373?
7, 13, 103
List the prime factors of 90416.
2, 5651
List the prime factors of 1234.
2, 617
What are the prime factors of 2032?
2, 127
What are the prime factors of 1121?
19, 59
List the prime factors of 16304.
2, 1019
What are the prime factors of 143558?
2, 179, 401
What are the prime factors of 15750?
2, 3, 5, 7
What are the prime factors of 1134?
2, 3, 7
List the prime factors of 14744.
2, 19, 97
List the prime factors of 6127.
11, 557
What are the prime factors of 2276?
2, 569
What are the prime factors of 568?
2, 71
What are the prime factors of 9294?
2, 3, 1549
List the prime factors of 1392.
2, 3, 29
What are the prime factors of 8300?
2, 5, 83
What are the prime factors of 953?
953
What are the prime factors of 5938?
2, 2969
What are the prime factors of 832?
2, 13
What are the prime factors of 43930?
2, 5, 23, 191
What are the prime factors of 2092?
2, 523
What are the prime factors of 4606?
2, 7, 47
What are the prime factors of 2956?
2, 739
List the prime factors of 90999.
3, 10111
What are the prime factors of 18304?
2, 11, 13
What are the prime factors of 3002?
2, 19, 79
List the prime factors of 3152.
2, 197
What are the prime factors of 174375?
3, 5, 31
List the prime factors of 9552.
2, 3, 199
List the prime factors of 12232.
2, 11, 139
What are the prime factors of 71544?
2, 3, 11, 271
What are the prime factors of 6781?
6781
What are the prime factors of 2756?
2, 13, 53
What are the prime factors of 12612?
2, 3, 1051
What are the prime factors of 17152?
2, 67
List the prime factors of 2802.
2, 3, 467
What are the prime factors of 1494?
2, 3, 83
What are the prime factors of 64776?
2, 3, 2699
List the prime factors of 4019.
4019
List the prime factors of 351.
3, 13
What are the prime factors of 8741?
8741
What are the prime factors of 66038?
2, 7, 53, 89
What are the prime factors of 1147?
31, 37
What are the prime factors of 107523?
3, 13, 919
What are the prime factors of 980?
2, 5, 7
What are the prime factors of 2258?
2, 1129
List the prime factors of 87522.
2, 3, 29, 503
List the prime factors of 11659.
89, 131
List the prime factors of 1009.
1009
List the prime factors of 114404.
2, 37, 773
List the prime factors of 5568.
2, 3, 29
What are the prime factors of 1675?
5, 67
List the prime factors of 1414.
2, 7, 101
List the prime factors of 8620.
2, 5, 431
List the prime factors of 1711.
29, 59
List the prime factors of 802.
2, 401
List the prime factors of 29139.
3, 11, 883
What are the prime factors of 17669?
17669
What are the prime factors of 31396?
2, 47, 167
What are the prime factors of 19557?
3, 41, 53
What are the prime factors of 4338?
2, 3, 241
What are the prime factors of 368?
2, 23
List the prime factors of 4939.
11, 449
What are the prime factors of 272?
2, 17
What are the prime factors of 353?
353
List the prime factors of 629.
17, 37
List the prime factors of 54199.
83, 653
What are the prime factors of 7746?
2, 3, 1291
What are the prime factors of 11674?
2, 13, 449
What are the prime factors of 47671?
13, 19, 193
What are the prime factors of 13624?
2, 13, 131
What are the prime factors of 3357?
3, 373
List the prime factors of 199.
199
What are the prime factors of 13094?
2, 6547
List the prime factors of 10054.
2, 11, 457
What are the prime factors of 869?
11, 79
What are the prime factors of 2173?
41, 53
List the prime factors of 1372.
2, 7
What are the prime factors of 3141?
3, 349
List the prime factors of 11289.
3, 53, 71
What are the prime factors of 2341?
2341
List the prime factors of 1801.
1801
What